{"id":297,"date":"2024-01-14T13:08:55","date_gmt":"2024-01-14T13:08:55","guid":{"rendered":"https:\/\/evetesvendeghaz.hu\/?page_id=297"},"modified":"2024-07-19T20:01:11","modified_gmt":"2024-07-19T20:01:11","slug":"velemenyek-egy-csokorban","status":"publish","type":"page","link":"https:\/\/evetesvendeghaz.hu\/?page_id=297","title":{"rendered":"V\u00e9lem\u00e9nyek egy csokorban"},"content":{"rendered":"\n<p>K\u00f6sz\u00f6nj\u00fck a kedves szavakat!<\/p>\n\n\n\n<p>Mit sz\u00f3ltok hozz\u00e1?<\/p>\n\n\n\n<figure class=\"wp-block-video\"><video height=\"368\" style=\"aspect-ratio: 640 \/ 368;\" width=\"640\" controls src=\"https:\/\/evetesvendeghaz.hu\/wp-content\/uploads\/2024\/07\/93d71cb6-7e69-4569-9098-71f1a95d32d1-1.mp4\"><\/video><\/figure>\n\n\n\n<p>\u201eNagyon \u00f6r\u00fcl\u00f6k, hogy r\u00e1tal\u00e1ltam erre a sz\u00e1ll\u00e1shelyre. A falu egy rejtett kincs, csendes, t\u00f6k\u00e9letesen alkalmas, hogy magunk m\u00f6g\u00f6tt hagyjuk a v\u00e1rosi ny\u00fczsg\u00e9st. A vend\u00e9gh\u00e1z t\u00f6k\u00e9letesen felszerelt, p\u00e1r m\u00e9terre egy nagyszer\u0171 kisbolt is m\u0171k\u00f6dik, minden kaphat\u00f3. A vend\u00e9gl\u00e1t\u00f3nk nagyon kedves \u00e9s rugalmas, amit nagyra \u00e9rt\u00e9kelt\u00fcnk. A h\u00e1zhoz tartozik egy fedett, de oldalr\u00f3l nyitott terasz, b\u00e1rmelyik napszakban kiv\u00e1l\u00f3an lehet haszn\u00e1lni. K\u00fcl\u00f6n eml\u00edt\u00e9sre m\u00e9lt\u00f3 a fedett kocsibe\u00e1ll\u00f3, ami nemcsak ny\u00e1ron, hanem t\u00e9len is v\u00e9di a g\u00e9pj\u00e1rm\u0171vet.\u201d<\/p>\n\n\n\n<p>\u201eJ\u00f3l felszerelt sz\u00e1ll\u00e1shely egy csendes telep\u00fcl\u00e9sen, k\u00f6zel Veszpr\u00e9mhez \u00e9s a Balatonhoz. A vend\u00e9gl\u00e1t\u00f3 kedves, figyelmes. A kisl\u00e1nyunk nagyon \u00e9lvezte a kertet, j\u00e1t\u00e9kokat, mesek\u00f6nyveket\u201d<\/p>\n\n\n\n<p>\u201eEz a hely visszahozza a r\u00e9gi sz\u00e9p id\u0151ket\u2026\u201d<\/p>\n\n\n\n<figure class=\"wp-block-image size-large\"><img loading=\"lazy\" decoding=\"async\" width=\"768\" height=\"1024\" src=\"https:\/\/evetesvendeghaz.hu\/wp-content\/uploads\/2024\/01\/velemeny-768x1024.jpg\" alt=\"\" class=\"wp-image-298\" srcset=\"https:\/\/evetesvendeghaz.hu\/wp-content\/uploads\/2024\/01\/velemeny-768x1024.jpg 768w, https:\/\/evetesvendeghaz.hu\/wp-content\/uploads\/2024\/01\/velemeny-225x300.jpg 225w, https:\/\/evetesvendeghaz.hu\/wp-content\/uploads\/2024\/01\/velemeny-1152x1536.jpg 1152w, https:\/\/evetesvendeghaz.hu\/wp-content\/uploads\/2024\/01\/velemeny-1536x2048.jpg 1536w, https:\/\/evetesvendeghaz.hu\/wp-content\/uploads\/2024\/01\/velemeny-676x901.jpg 676w, https:\/\/evetesvendeghaz.hu\/wp-content\/uploads\/2024\/01\/velemeny-scaled.jpg 1920w\" sizes=\"auto, (max-width: 768px) 100vw, 768px\" \/><\/figure>\n\n\n\n<p>&#8222;Sz\u00e9pen fel\u00faj\u00edtott vid\u00e9ki vend\u00e9gh\u00e1z, cs\u00f6ndes kis faluban. Kisfiunk nagyon \u00e9lvezte a h\u00e1z f\u00fcves kertj\u00e9t, a j\u00e1t\u00e9kokat, a vid\u00e9ki k\u00f6rnyezetet a faluban tal\u00e1lhat\u00f3 h\u00e1zi\u00e1llatokkal, \u00e9s a patak melletti j\u00e1tsz\u00f3teret. Pihentet\u0151 k\u00f6rnyezet a v\u00e1rosi forgatag ut\u00e1n.&#8221;<\/p>\n\n\n\n<p>\u201eMaxim\u00e1lisan el\u00e9gedettek voltunk mindennel.A h\u00e1z gy\u00f6ny\u00f6r\u0171en \u00e9s \u00edzl\u00e9sesen fel\u00faj\u00edtott, de m\u00e9gis meg\u0151rizte azt az \u00e9rz\u00e9st, benyom\u00e1st, amit a t\u00e1j jellege megk\u00edv\u00e1n. A helysz\u00edn, a k\u00f6rnyezet ide\u00e1lis nem csak pihen\u00e9sre, de egy hangulatos csal\u00e1di rendezv\u00e9ny megtart\u00e1s\u00e1hoz is. Mi gyerekekkel j\u00f6tt\u00fcnk, \u00e9s nekik is nagyon tetszett a helyi sportp\u00e1lya, a t\u00e1j sz\u00e9ps\u00e9ge,valamint, hogy t\u00e1vol a v\u00e1ros zaja, de m\u00e9gis minden k\u00f6zel, el\u00e9rhet\u0151 t\u00e1vols\u00e1gban van. H\u00e1l\u00e1s sz\u00edvvel k\u00f6sz\u00f6nj\u00fck a lehet\u0151s\u00e9get \u00e9s a vend\u00e9gl\u00e1t\u00e1st! Csak aj\u00e1nlani tudom Dalm\u00e1\u00e9kat!\u201d<\/p>\n\n\n\n<p>\u201eHidegk\u00fat egy csod\u00e1latos kis falu, amely olyan nyugodts\u00e1got, csendess\u00e9get \u00e1raszt, hogy az oda \u00e9rkez\u0151 is r\u00f6gt\u00f6n leveti a h\u00e9tk\u00f6znapi terheket mag\u00e1r\u00f3l. Az Evetes Vend\u00e9gh\u00e1z gy\u00f6ny\u00f6r\u0171en illeszkedik e mesebeli helys\u00e9gbe, mind k\u00e9nyelm\u00e9vel, felszerelts\u00e9g\u00e9vel, elhelyezked\u00e9s\u00e9vel. A sz\u00e1ll\u00e1sad\u00f3nk kedvess\u00e9ge, figyelmess\u00e9ge pedig tov\u00e1bb emelte az \u00e9lm\u00e9nyt, amit az a n\u00e9h\u00e1ny nap adott ,melyet ott t\u00f6lthett\u00fcnk. Mindenkinek sz\u00edvb\u0151l aj\u00e1nlom!\u201d<\/p>\n\n\n\n<p>\u201eA h\u00e1zigazda nagyon kedves, seg\u00edt\u0151k\u00e9sz! A k\u00f6rny\u00e9k gy\u00f6ny\u00f6r\u0171, sok a l\u00e1tnival\u00f3. A sz\u00e1ll\u00e1s, tiszta \u00e9s csod\u00e1latos. Csak aj\u00e1nlani tudom, mi biztos visszat\u00e9r\u0151 vend\u00e9gek lesz\u00fcnk!\u201d<\/p>\n\n\n\n<p>\u201eA h\u00e1zigazda nagyon rugalmas \u00e9s seg\u00edt\u0151k\u00e9sz volt mindv\u00e9gig. A h\u00e1z nagyon hangulatos, nagy terasszal \u00e9s bogr\u00e1csoz\u00e1si lehet\u0151s\u00e9ggel a kertben. Kifejezetten aj\u00e1nlom mindenkinek a k\u00f6rny\u00e9ken keres sz\u00e1ll\u00e1s.\u201d<\/p>\n\n\n\n<p>\u201eA h\u00e1zigazda nagyon kedves, p\u00e1r percre lakik a vend\u00e9gh\u00e1zt\u00f3l ugyanebben az utc\u00e1ban \u00e9s mindenben nagyon seg\u00edt\u0151k\u00e9sz. Hidegk\u00faton nagyon j\u00f3 a leveg\u0151 \u00e9s ami a legfontosabb, olyan k\u00e9nyelmes az \u00e1gy \u00e9s kellemes az \u00e1gynem\u0171, hogy a f\u00e9rjemnek ilyen \u00e1gynem\u0171t kellett vennem, mert otthon nem aludt olyan j\u00f3t, mint itt.\u201d<\/p>\n\n\n\n<p>\u201eCsapat\u00e9p\u00edt\u00e9s sor\u00e1n t\u00f6lt\u00f6tt\u00fcnk itt el egy \u00e9jszak\u00e1t. Nagyon j\u00f3l \u00e9rezt\u00fck magunkat. Tiszta a h\u00e1z, k\u00e9nyelmes az \u00e1gy, kedves a sz\u00e1ll\u00e1sad\u00f3.\u201d<\/p>\n\n\n\n<p>\u201eOtthonos k\u00f6rnyezet, term\u00e9szetbar\u00e1t, kedves vend\u00e9gl\u00e1t\u00f3k.\u201d<\/p>\n\n\n\n<p>\u201eCsod\u00e1s hely, csod\u00e1s sz\u00e1ll\u00e1ssal.\u201d<\/p>\n\n\n\n<p>\u201eCsal\u00e1ddal egy\u00fctt t\u00f6lt\u00f6tt\u00fcnk el p\u00e1r napot az Evetes Vend\u00e9gh\u00e1zban. Kedves fogadtat\u00e1s \u00e9s a f\u00e9nyk\u00e9pek alapj\u00e1n v\u00e1rt k\u00f6r\u00fclm\u00e9nyek fogadtak minket ami\u00e9rt nagyon h\u00e1l\u00e1sak vagyunk:) Csendes pihen\u00e9sre alkalmas kis vend\u00e9gh\u00e1z, teljes felszerel\u00e9ssel! A kert is csod\u00e1latos, j\u00f3 volt l\u00e1tni a f\u00e9nyszennyez\u00e9s mentes hull\u00f3csillagos \u00e9jszak\u00e1t melyet egy szalonna s\u00fct\u00e9ssel tudtuk \u00f6sszek\u00f6tni. A k\u00f6rny\u00e9k is csod\u00e1latos! Mindenk\u00e9ppen aj\u00e1nlom!\u201d<\/p>\n","protected":false},"excerpt":{"rendered":"<p>K\u00f6sz\u00f6nj\u00fck a kedves szavakat! Mit sz\u00f3ltok hozz\u00e1? \u201eNagyon \u00f6r\u00fcl\u00f6k, hogy r\u00e1tal\u00e1ltam erre a sz\u00e1ll\u00e1shelyre. A falu egy rejtett kincs, csendes, t\u00f6k\u00e9letesen alkalmas, hogy magunk m\u00f6g\u00f6tt hagyjuk a v\u00e1rosi ny\u00fczsg\u00e9st. A vend\u00e9gh\u00e1z t\u00f6k\u00e9letesen felszerelt, p\u00e1r m\u00e9terre egy nagyszer\u0171 kisbolt is m\u0171k\u00f6dik, minden kaphat\u00f3. A vend\u00e9gl\u00e1t\u00f3nk nagyon kedves \u00e9s rugalmas, amit nagyra \u00e9rt\u00e9kelt\u00fcnk. A h\u00e1zhoz tartozik egy [&hellip;]<\/p>\n","protected":false},"author":2,"featured_media":0,"parent":0,"menu_order":0,"comment_status":"closed","ping_status":"closed","template":"","meta":{"footnotes":""},"class_list":["post-297","page","type-page","status-publish","hentry","post-preview"],"_links":{"self":[{"href":"https:\/\/evetesvendeghaz.hu\/index.php?rest_route=\/wp\/v2\/pages\/297","targetHints":{"allow":["GET"]}}],"collection":[{"href":"https:\/\/evetesvendeghaz.hu\/index.php?rest_route=\/wp\/v2\/pages"}],"about":[{"href":"https:\/\/evetesvendeghaz.hu\/index.php?rest_route=\/wp\/v2\/types\/page"}],"author":[{"embeddable":true,"href":"https:\/\/evetesvendeghaz.hu\/index.php?rest_route=\/wp\/v2\/users\/2"}],"replies":[{"embeddable":true,"href":"https:\/\/evetesvendeghaz.hu\/index.php?rest_route=%2Fwp%2Fv2%2Fcomments&post=297"}],"version-history":[{"count":3,"href":"https:\/\/evetesvendeghaz.hu\/index.php?rest_route=\/wp\/v2\/pages\/297\/revisions"}],"predecessor-version":[{"id":350,"href":"https:\/\/evetesvendeghaz.hu\/index.php?rest_route=\/wp\/v2\/pages\/297\/revisions\/350"}],"wp:attachment":[{"href":"https:\/\/evetesvendeghaz.hu\/index.php?rest_route=%2Fwp%2Fv2%2Fmedia&parent=297"}],"curies":[{"name":"wp","href":"https:\/\/api.w.org\/{rel}","templated":true}]}}

Vélemények egy csokorban

<p>Köszönjük a kedves szavakat!</p>



<p>Mit szóltok hozzá?</p>



<figure class="wp-block-video"><video height="368" style="aspect-ratio: 640 / 368;" width="640" controls src="https://evetesvendeghaz.hu/wp-content/uploads/2024/07/93d71cb6-7e69-4569-9098-71f1a95d32d1-1.mp4"></video></figure>



<p>„Nagyon örülök, hogy rátaláltam erre a szálláshelyre. A falu egy rejtett kincs, csendes, tökéletesen alkalmas, hogy magunk mögött hagyjuk a városi nyüzsgést. A vendégház tökéletesen felszerelt, pár méterre egy nagyszerű kisbolt is működik, minden kapható. A vendéglátónk nagyon kedves és rugalmas, amit nagyra értékeltünk. A házhoz tartozik egy fedett, de oldalról nyitott terasz, bármelyik napszakban kiválóan lehet használni. Külön említésre méltó a fedett kocsibeálló, ami nemcsak nyáron, hanem télen is védi a gépjárművet.”</p>



<p>„Jól felszerelt szálláshely egy csendes településen, közel Veszprémhez és a Balatonhoz. A vendéglátó kedves, figyelmes. A kislányunk nagyon élvezte a kertet, játékokat, mesekönyveket”</p>



<p>„Ez a hely visszahozza a régi szép időket…”</p>



<figure class="wp-block-image size-large"><img loading="lazy" decoding="async" width="768" height="1024" src="https://evetesvendeghaz.hu/wp-content/uploads/2024/01/velemeny-768x1024.jpg" alt="" class="wp-image-298" srcset="https://evetesvendeghaz.hu/wp-content/uploads/2024/01/velemeny-768x1024.jpg 768w, https://evetesvendeghaz.hu/wp-content/uploads/2024/01/velemeny-225x300.jpg 225w, https://evetesvendeghaz.hu/wp-content/uploads/2024/01/velemeny-1152x1536.jpg 1152w, https://evetesvendeghaz.hu/wp-content/uploads/2024/01/velemeny-1536x2048.jpg 1536w, https://evetesvendeghaz.hu/wp-content/uploads/2024/01/velemeny-676x901.jpg 676w, https://evetesvendeghaz.hu/wp-content/uploads/2024/01/velemeny-scaled.jpg 1920w" sizes="auto, (max-width: 768px) 100vw, 768px" /></figure>



<p>&#8222;Szépen felújított vidéki vendégház, csöndes kis faluban. Kisfiunk nagyon élvezte a ház füves kertjét, a játékokat, a vidéki környezetet a faluban található háziállatokkal, és a patak melletti játszóteret. Pihentető környezet a városi forgatag után.&#8221;</p>



<p>„Maximálisan elégedettek voltunk mindennel.A ház gyönyörűen és ízlésesen felújított, de mégis megőrizte azt az érzést, benyomást, amit a táj jellege megkíván. A helyszín, a környezet ideális nem csak pihenésre, de egy hangulatos családi rendezvény megtartásához is. Mi gyerekekkel jöttünk, és nekik is nagyon tetszett a helyi sportpálya, a táj szépsége,valamint, hogy távol a város zaja, de mégis minden közel, elérhető távolságban van. Hálás szívvel köszönjük a lehetőséget és a vendéglátást! Csak ajánlani tudom Dalmáékat!”</p>



<p>„Hidegkút egy csodálatos kis falu, amely olyan nyugodtságot, csendességet áraszt, hogy az oda érkező is rögtön leveti a hétköznapi terheket magáról. Az Evetes Vendégház gyönyörűen illeszkedik e mesebeli helységbe, mind kényelmével, felszereltségével, elhelyezkedésével. A szállásadónk kedvessége, figyelmessége pedig tovább emelte az élményt, amit az a néhány nap adott ,melyet ott tölthettünk. Mindenkinek szívből ajánlom!”</p>



<p>„A házigazda nagyon kedves, segítőkész! A környék gyönyörű, sok a látnivaló. A szállás, tiszta és csodálatos. Csak ajánlani tudom, mi biztos visszatérő vendégek leszünk!”</p>



<p>„A házigazda nagyon rugalmas és segítőkész volt mindvégig. A ház nagyon hangulatos, nagy terasszal és bográcsozási lehetőséggel a kertben. Kifejezetten ajánlom mindenkinek a környéken keres szállás.”</p>



<p>„A házigazda nagyon kedves, pár percre lakik a vendégháztól ugyanebben az utcában és mindenben nagyon segítőkész. Hidegkúton nagyon jó a levegő és ami a legfontosabb, olyan kényelmes az ágy és kellemes az ágynemű, hogy a férjemnek ilyen ágyneműt kellett vennem, mert otthon nem aludt olyan jót, mint itt.”</p>



<p>„Csapatépítés során töltöttünk itt el egy éjszakát. Nagyon jól éreztük magunkat. Tiszta a ház, kényelmes az ágy, kedves a szállásadó.”</p>



<p>„Otthonos környezet, természetbarát, kedves vendéglátók.”</p>



<p>„Csodás hely, csodás szállással.”</p>



<p>„Családdal együtt töltöttünk el pár napot az Evetes Vendégházban. Kedves fogadtatás és a fényképek alapján várt körülmények fogadtak minket amiért nagyon hálásak vagyunk:) Csendes pihenésre alkalmas kis vendégház, teljes felszereléssel! A kert is csodálatos, jó volt látni a fényszennyezés mentes hullócsillagos éjszakát melyet egy szalonna sütéssel tudtuk összekötni. A környék is csodálatos! Mindenképpen ajánlom!”</p>

<p>Köszönjük a kedves szavakat! Mit szóltok hozzá? „Nagyon örülök, hogy rátaláltam erre a szálláshelyre. A falu egy rejtett kincs, csendes, tökéletesen alkalmas, hogy magunk mögött hagyjuk a városi nyüzsgést. A vendégház tökéletesen felszerelt, pár méterre egy nagyszerű kisbolt is működik, minden kapható. A vendéglátónk nagyon kedves és rugalmas, amit nagyra értékeltünk. A házhoz tartozik egy [&hellip;]</p>
